{"id":17,"date":"2018-02-09T09:54:06","date_gmt":"2018-02-09T09:54:06","guid":{"rendered":"http:\/\/localhost\/themes\/Pro\/Pinewood-Lake\/Website_WP\/index.php\/getting-started\/"},"modified":"2020-11-27T15:30:46","modified_gmt":"2020-11-27T15:30:46","slug":"getting-started","status":"publish","type":"page","link":"https:\/\/snmb.ambiente.gob.ec\/snmb\/","title":{"rendered":"INICIO"},"content":{"rendered":"<div>Bienvenidos al <strong>Sistema Nacional de Monitoreo de Bosques &#8211; SNMB<\/strong><\/div>\n<div>\n<p style=\"text-align: justify;\">El <strong>Sistema Nacional de Monitoreo de Bosques<\/strong> constituye un conjunto armonizado de actores, componentes, metodologi\u0301as y procesos, a trav\u00e9s de los cuales se genera, recopila, analiza y reporta informaci\u00f3n espacial, biof\u00edsica y socioecon\u00f3mica relacionada con los bosques, otros ecosistemas naturales y su biodiversidad asociada.<\/p>\n<\/div>\n<p>\n    <a href=\"\/snmb\/index.php?page_id=474\">Conocer m\u00e1s sobre el SNMB<\/a>\n<\/p>\n<div>\n<div id=\"metaslider-id-822\" style=\"width: 100%;\" class=\"ml-slider-3-102-0 metaslider metaslider-flex metaslider-822 ml-slider has-carousel-mode ms-theme-default nav-hidden\" role=\"region\" aria-label=\"Inicio Rotativo\" data-height=\"480\" data-width=\"900\">\n    <div id=\"metaslider_container_822\">\n        <div id=\"metaslider_822\">\n            <ul class='slides'>\n                <li style=\"display: none; width: 100%;\" class=\"slide-827 ms-image \" aria-roledescription=\"slide\" data-date=\"2020-11-10 19:49:50\" data-slide-type=\"image\"><img loading=\"lazy\" decoding=\"async\" src=\"https:\/\/snmb.ambiente.gob.ec\/snmb\/wp-content\/uploads\/Captura-de-Pantalla-2021-03-19-a-las-16.58.25-900x480.png\" height=\"480\" width=\"900\" alt=\"\" class=\"slider-822 slide-827 msDefaultImage\" title=\"Captura de Pantalla 2021-03-19 a la(s) 16.58.25\" \/><\/li>\n                <li style=\"display: none; width: 100%;\" class=\"slide-824 ms-image \" aria-roledescription=\"slide\" data-date=\"2020-11-10 19:45:58\" data-slide-type=\"image\"><img loading=\"lazy\" decoding=\"async\" src=\"https:\/\/snmb.ambiente.gob.ec\/snmb\/wp-content\/uploads\/Captura-de-Pantalla-2021-03-19-a-las-17.00.40-900x480.png\" height=\"480\" width=\"900\" alt=\"\" class=\"slider-822 slide-824 msDefaultImage\" title=\"Captura de Pantalla 2021-03-19 a la(s) 17.00.40\" \/><\/li>\n                <li style=\"display: none; width: 100%;\" class=\"slide-826 ms-image \" aria-roledescription=\"slide\" data-date=\"2020-11-10 19:49:07\" data-slide-type=\"image\"><img loading=\"lazy\" decoding=\"async\" src=\"https:\/\/snmb.ambiente.gob.ec\/snmb\/wp-content\/uploads\/foto2-900x480.jpg\" height=\"480\" width=\"900\" alt=\"\" class=\"slider-822 slide-826 msDefaultImage\" title=\"foto2\" \/><\/li>\n                <li style=\"display: none; width: 100%;\" class=\"slide-1261 ms-image \" aria-roledescription=\"slide\" data-date=\"2021-03-19 22:03:35\" data-slide-type=\"image\"><img loading=\"lazy\" decoding=\"async\" src=\"https:\/\/snmb.ambiente.gob.ec\/snmb\/wp-content\/uploads\/Captura-de-Pantalla-2021-03-19-a-las-17.01.04-900x480.png\" height=\"480\" width=\"900\" alt=\"\" class=\"slider-822 slide-1261 msDefaultImage\" title=\"Captura de Pantalla 2021-03-19 a la(s) 17.01.04\" \/><\/li>\n            <\/ul>\n        <\/div>\n        \n    <\/div>\n<\/div><\/div>\n<h1>Componentes <strong>SNMB<\/strong><\/h1>\n<div>\n<p>        <a href=\"\/snmb\/index.php?page_id=482\"><img decoding=\"async\" src=\"\/snmb\/wp-content\/uploads\/snmb-geografico_espacial.jpg\" alt=\"\"><\/a><\/p>\n<div>\n<p style=\"text-align: justify;\">Este componente esta\u0301 orientado al monitoreo permanente del estado y cambio del <strong>Patrimonio Forestal Nacional<\/strong> mediante el ana\u0301lisis espectral de los sensores remotos y la gestio\u0301n de datos espaciales.<\/p>\n<\/div>\n<\/div>\n<div>\n<p>        <a href=\"\/snmb\/index.php?page_id=484\"><img decoding=\"async\" src=\"\/snmb\/wp-content\/uploads\/snmb-biofisico.jpg\" alt=\"\"><\/a><\/p>\n<div>\n<p style=\"text-align: justify;\">Este componente se encarga de detectar el estado y patrones de cambio en el <strong>Patrimonio Forestal Nacional<\/strong> mediante una coleccio\u0301n continua de datos en campo como el <strong>Inventario Nacional Forestal<\/strong>.<\/p>\n<\/div>\n<\/div>\n<div>\n<p>        <a href=\"\/snmb\/index.php?page_id=486\"><img decoding=\"async\" src=\"\/snmb\/wp-content\/uploads\/snmb-analisis_informacion.jpg\" alt=\"\"><\/a><\/p>\n<div>\n<p style=\"text-align: justify;\">Este componente se encarga de la gestio\u0301n y ana\u0301lisis estad\u00edstico de la informacio\u0301n generada por los otros componentes para proporcionar informacio\u0301n actualizada y precisa en la elaboracio\u0301n de reportes y evaluaciones de presio\u0301n, estado y respuesta del <strong>Patrimonio Forestal Nacional.<\/strong><\/p>\n<\/div>\n<\/div>\n<p><!-- {\"type\":\"layout\",\"children\":[{\"type\":\"section\",\"props\":{\"style\":\"default\",\"width\":\"large\",\"vertical_align\":\"middle\",\"title_position\":\"top-left\",\"title_rotation\":\"left\",\"title_breakpoint\":\"xl\",\"image_position\":\"center-center\",\"padding\":\"small\",\"padding_remove_top\":false},\"children\":[{\"type\":\"row\",\"props\":{\"layout\":\"1-2,1-2\"},\"children\":[{\"type\":\"column\",\"props\":{\"image_position\":\"center-center\",\"media_overlay_gradient\":\"\",\"width_medium\":\"1-2\"},\"children\":[{\"type\":\"headline\",\"props\":{\"title_element\":\"div\",\"title_decoration\":\"bullet\",\"text_align\":\"left\",\"content\":\"Bienvenidos al <strong>Sistema Nacional de Monitoreo de Bosques - SNMB<\\\/strong>\",\"margin_remove_top\":false,\"margin_remove_bottom\":false,\"css\":\".el-element {font-size: 30px; line-height:30px;}\"}},{\"type\":\"text\",\"props\":{\"margin\":\"default\",\"column_breakpoint\":\"m\",\"content\":\"\n\n<p style=\\\"text-align: justify;\\\">El <strong>Sistema Nacional de Monitoreo de Bosques<\\\/strong> constituye un conjunto armonizado de actores, componentes, metodologi\\u0301as y procesos, a trav\\u00e9s de los cuales se genera, recopila, analiza y reporta informaci\\u00f3n espacial, biof\\u00edsica y socioecon\\u00f3mica relacionada con los bosques, otros ecosistemas naturales y su biodiversidad asociada.<\\\/p>\"}},{\"type\":\"button\",\"props\":{\"grid_column_gap\":\"small\",\"grid_row_gap\":\"small\",\"margin\":\"default\",\"text_align\":\"center\"},\"children\":[{\"type\":\"button_item\",\"props\":{\"button_style\":\"primary\",\"icon_align\":\"left\",\"content\":\"Conocer m\\u00e1s sobre el SNMB\",\"link\":\"index.php?page_id=474\",\"link_title\":\"Conocer m\\u00e1s\",\"icon\":\"forward\"}}]}]},{\"type\":\"column\",\"props\":{\"image_position\":\"center-center\",\"media_overlay_gradient\":\"\",\"width_medium\":\"1-2\"},\"children\":[{\"type\":\"html\",\"props\":{\"content\":\"[metaslider id=\\\"822\\\"]\"}}]}]}],\"name\":\"ACERCA DE SNMB\"},{\"type\":\"section\",\"props\":{\"style\":\"secondary\",\"width\":\"default\",\"vertical_align\":\"middle\",\"title_position\":\"top-left\",\"title_rotation\":\"left\",\"title_breakpoint\":\"xl\",\"image_position\":\"center-center\",\"padding\":\"xsmall\",\"padding_remove_top\":false,\"padding_remove_bottom\":false},\"children\":[{\"type\":\"row\",\"children\":[{\"type\":\"column\",\"props\":{\"image_position\":\"center-center\",\"media_overlay_gradient\":\"\",\"width_medium\":\"1-1\"},\"children\":[{\"type\":\"headline\",\"props\":{\"title_element\":\"h1\",\"title_style\":\"h4\",\"title_decoration\":\"bullet\",\"text_align\":\"center\",\"content\":\"Componentes <strong>SNMB<\\\/strong>\"}}]}]}]},{\"type\":\"section\",\"props\":{\"style\":\"default\",\"width\":\"large\",\"vertical_align\":\"middle\",\"title_position\":\"top-left\",\"title_rotation\":\"left\",\"title_breakpoint\":\"xl\",\"image_position\":\"center-center\",\"padding\":\"small\"},\"children\":[{\"type\":\"row\",\"props\":{\"layout\":\"1-3,1-3,1-3\"},\"children\":[{\"type\":\"column\",\"props\":{\"image_position\":\"center-center\",\"media_overlay_gradient\":\"\",\"width_medium\":\"1-3\"},\"children\":[{\"type\":\"overlay\",\"props\":{\"link_text\":\"\",\"overlay_mode\":\"cover\",\"overlay_hover\":true,\"overlay_style\":\"tile-secondary\",\"text_color\":\"light\",\"overlay_position\":\"center\",\"overlay_transition\":\"fade\",\"title_hover_style\":\"reset\",\"title_element\":\"h3\",\"meta_style\":\"meta\",\"meta_align\":\"below-title\",\"link_style\":\"default\",\"text_align\":\"center\",\"margin\":\"default\",\"image\":\"wp-content\\\/uploads\\\/snmb-geografico_espacial.jpg\",\"title\":\"\",\"content\":\"\n\n<p style=\\\"text-align: justify;\\\">Este componente esta\\u0301 orientado al monitoreo permanente del estado y cambio del <strong>Patrimonio Forestal Nacional<\\\/strong> mediante el ana\\u0301lisis espectral de los sensores remotos y la gestio\\u0301n de datos espaciales.<\\\/p>\",\"overlay_transition_background\":false,\"meta_element\":\"div\",\"link\":\"index.php?page_id=482\",\"overlay_link\":true,\"content_margin\":\"small\",\"css\":\".el-content {color: #ffffff;}\"}}]},{\"type\":\"column\",\"props\":{\"image_position\":\"center-center\",\"media_overlay_gradient\":\"\",\"width_medium\":\"1-3\"},\"children\":[{\"type\":\"overlay\",\"props\":{\"link_text\":\"\",\"overlay_mode\":\"cover\",\"overlay_hover\":true,\"overlay_style\":\"tile-secondary\",\"text_color\":\"light\",\"overlay_position\":\"center\",\"overlay_transition\":\"fade\",\"title_hover_style\":\"reset\",\"title_element\":\"h3\",\"meta_style\":\"meta\",\"meta_align\":\"below-title\",\"link_style\":\"default\",\"text_align\":\"center\",\"margin\":\"default\",\"image\":\"wp-content\\\/uploads\\\/snmb-biofisico.jpg\",\"title\":\"\",\"content\":\"\n\n<p style=\\\"text-align: justify;\\\">Este componente se encarga de detectar el estado y patrones de cambio en el <strong>Patrimonio Forestal Nacional<\\\/strong> mediante una coleccio\\u0301n continua de datos en campo como el <strong>Inventario Nacional Forestal<\\\/strong>.<\\\/p>\",\"overlay_transition_background\":false,\"meta_element\":\"div\",\"css\":\".el-content {color: #ffffff;}\",\"link\":\"index.php?page_id=484\",\"overlay_link\":true}}]},{\"type\":\"column\",\"props\":{\"image_position\":\"center-center\",\"media_overlay_gradient\":\"\",\"width_medium\":\"1-3\"},\"children\":[{\"type\":\"overlay\",\"props\":{\"link_text\":\"\",\"overlay_mode\":\"cover\",\"overlay_hover\":true,\"overlay_style\":\"tile-secondary\",\"text_color\":\"light\",\"overlay_position\":\"center\",\"overlay_transition\":\"fade\",\"title_hover_style\":\"reset\",\"title_element\":\"h3\",\"meta_style\":\"meta\",\"meta_align\":\"below-title\",\"link_style\":\"default\",\"text_align\":\"center\",\"margin\":\"default\",\"image\":\"wp-content\\\/uploads\\\/snmb-analisis_informacion.jpg\",\"title\":\"\",\"content\":\"\n\n<p style=\\\"text-align: justify;\\\">Este componente se encarga de la gestio\\u0301n y ana\\u0301lisis estad\\u00edstico de la informacio\\u0301n generada por los otros componentes para proporcionar informacio\\u0301n actualizada y precisa en la elaboracio\\u0301n de reportes y evaluaciones de presio\\u0301n, estado y respuesta del <strong>Patrimonio Forestal Nacional.<\\\/strong><\\\/p>\",\"overlay_transition_background\":false,\"meta_element\":\"div\",\"link\":\"index.php?page_id=486\",\"css\":\".el-content {color:#ffffff;}\",\"overlay_link\":true}}]}]}]}],\"version\":\"2.3.5\"} --><\/p>\n","protected":false},"excerpt":{"rendered":"<p>Bienvenidos al Sistema Nacional de Monitoreo de Bosques &#8211; SNMB El Sistema Nacional de Monitoreo de Bosques constituye un conjunto armonizado de actores, componentes, metodologi\u0301as y procesos, a trav\u00e9s de los cuales se genera, recopila, analiza y reporta informaci\u00f3n espacial, biof\u00edsica y socioecon\u00f3mica relacionada con los bosques, otros ecosistemas naturales y su biodiversidad asociada. Conocer [&hellip;]<\/p>\n","protected":false},"author":1,"featured_media":0,"parent":0,"menu_order":9,"comment_status":"closed","ping_status":"closed","template":"","meta":{"om_disable_all_campaigns":false,"_monsterinsights_skip_tracking":false,"_monsterinsights_sitenote_active":false,"_monsterinsights_sitenote_note":"","_monsterinsights_sitenote_category":0,"footnotes":""},"class_list":["post-17","page","type-page","status-publish","hentry"],"_links":{"self":[{"href":"https:\/\/snmb.ambiente.gob.ec\/snmb\/index.php?rest_route=\/wp\/v2\/pages\/17","targetHints":{"allow":["GET"]}}],"collection":[{"href":"https:\/\/snmb.ambiente.gob.ec\/snmb\/index.php?rest_route=\/wp\/v2\/pages"}],"about":[{"href":"https:\/\/snmb.ambiente.gob.ec\/snmb\/index.php?rest_route=\/wp\/v2\/types\/page"}],"author":[{"embeddable":true,"href":"https:\/\/snmb.ambiente.gob.ec\/snmb\/index.php?rest_route=\/wp\/v2\/users\/1"}],"replies":[{"embeddable":true,"href":"https:\/\/snmb.ambiente.gob.ec\/snmb\/index.php?rest_route=%2Fwp%2Fv2%2Fcomments&post=17"}],"version-history":[{"count":109,"href":"https:\/\/snmb.ambiente.gob.ec\/snmb\/index.php?rest_route=\/wp\/v2\/pages\/17\/revisions"}],"predecessor-version":[{"id":1016,"href":"https:\/\/snmb.ambiente.gob.ec\/snmb\/index.php?rest_route=\/wp\/v2\/pages\/17\/revisions\/1016"}],"wp:attachment":[{"href":"https:\/\/snmb.ambiente.gob.ec\/snmb\/index.php?rest_route=%2Fwp%2Fv2%2Fmedia&parent=17"}],"curies":[{"name":"wp","href":"https:\/\/api.w.org\/{rel}","templated":true}]}}