{"id":472,"date":"2020-10-18T03:46:05","date_gmt":"2020-10-18T03:46:05","guid":{"rendered":"http:\/\/www.geekecuador.com\/snmb\/?page_id=472"},"modified":"2020-11-03T05:07:17","modified_gmt":"2020-11-03T05:07:17","slug":"antecedentes","status":"publish","type":"page","link":"https:\/\/snmb.ambiente.gob.ec\/snmb\/?page_id=472","title":{"rendered":"Antecedentes"},"content":{"rendered":"<h3>Antecedentes<\/h3>\n<div>\n<p style=\"text-align: justify;\">Desde el a\u00f1o 2008 Ecuador ha desarrollado varias iniciativas en pro de implementar y fortalecer un <strong>Sistema Nacional de Monitoreo de Bosques &#8211; SNMB<\/strong>, con la finalidad de mejorar los mecanismos de recolecci\u00f3n de informaci\u00f3n relacionada a su Patrimonio Forestal Nacional, lo que a su vez permitir\u00e1, mejorar la gobernanza de los recursos forestales, as\u00ed como tambi\u00e9n, generar normativas t\u00e9cnicas eficientes para la evaluaci\u00f3n, manejo aprovechamiento y conservaci\u00f3n del Patrimonio Forestal Nacional.<\/p>\n<\/div>\n<p><img decoding=\"async\" src=\"\/snmb\/wp-content\/uploads\/g3foto.png\" alt=\"\"><br \/>\n<img decoding=\"async\" src=\"\/snmb\/wp-content\/uploads\/g2foto.png\" alt=\"\"><br \/>\n<img decoding=\"async\" src=\"\/snmb\/wp-content\/uploads\/g1foto.png\" alt=\"\"><\/p>\n<h4>Los acontecimientos m\u00e1s relevantes que se han presentado en relaci\u00f3n a la implementaci\u00f3n y fortalecimiento del SNMB en el pa\u00eds, han sido los siguientes:<\/h4>\n<p><img decoding=\"async\" src=\"\/snmb\/wp-content\/uploads\/arbol.png\" alt=\"\"><\/p>\n<ul>\n<li>\n<h3>2008<\/h3>\n<div>\n<p style=\"text-align: justify;\">Se estableci\u00f3 en la carta constitucional la necesidad imperante de fortalecer la gobernanza forestal en el pa\u00eds, al reconocer a la naturaleza como sujeto de derechos y declarar a los ecosistemas boscosos como ecosistemas fr\u00e1giles que requieren de un tratamiento especial al igual que los p\u00e1ramos, los humedales y los manglares.<\/p>\n<\/div>\n<\/li>\n<li>\n<h3>2009<\/h3>\n<div>\n<p style=\"text-align: justify;\">Ejecucio\u0301n de los proyectos Mapa de Vegetacio\u0301n del Ecuador Continental, Mapa de Deforestacio\u0301n Histo\u0301rica del Ecuador continental y Evaluacio\u0301n Nacional Forestal del Ecuador. La informacio\u0301n generada en estos proyectos constituyo\u0301 la base para la implementacio\u0301n de mecanismos permanentes de monitoreo del patrimonio natural que se ejecutan hasta la actualidad.<\/p>\n<\/div>\n<\/li>\n<li>\n<h3>2010<\/h3>\n<div>\n<p style=\"text-align: justify;\">En el marco de la <strong>Convencio\u0301n Marco de las Naciones Unidas sobre el Cambio Clima\u0301tico (CMNUCC)<\/strong>, se desarroll\u00f3 la D\u00e9cimo sexta Conferencia de la Partes (COP 16), en la cual se que un pa\u00eds en desarrollo debe completar para implementar el mecanismo para la Reduccio\u0301n de Emisiones por Deforestacio\u0301n y Degradacio\u0301n de los Bosques (REDD+) en su territorio y poder acceder a pagos basados en resultados; siendo estos los siguientes :<\/p>\n<ol>\n<li style=\"text-align: justify;\">Desarrollar una estrategia o plan de accio\u0301n nacional.<\/li>\n<li style=\"text-align: justify;\">Establecer un nivel nacional de referencia de emisiones forestales y\/o un nivel nacional de referencia forestal.<\/li>\n<li style=\"text-align: justify;\"><strong>Crear un Sistema Nacional de Monitoreo de Bosques (SNMB) robusto y transparente.<\/strong><\/li>\n<li style=\"text-align: justify;\">Crear un sistema de informacio\u0301n sobre co\u0301mo las salvaguardas son abordadas y respetadas.<\/li>\n<\/ol>\n<\/div>\n<\/li>\n<li>\n<h3>2012<\/h3>\n<div>\n<p style=\"text-align: justify;\">Los pai\u0301ses que forman parte de la C<strong>onvencio\u0301n Marco de las Naciones Unidas sobre el Cambio Clima\u0301tico<\/strong> alcanzaron un acuerdo histo\u0301rico para combatir el cambio clima\u0301tico, conocido como Acuerdo de Pari\u0301s. En el marco del cual cobra especial importancia contar con sistemas de informaci\u00f3n s\u00f3lidos y robustos, que faciliten la generaci\u00f3n de los reportes requeridos por el marco de transparencia de este acuerdo, entre ellos el <strong>Sistema Nacional de Monitoreo de Bosques<\/strong> que proporciona informaci\u00f3n sobre las emisiones y absorciones relacionadas al uso de la tierra y silvicultura.<\/p>\n<\/div>\n<\/li>\n<li>\n<h3>2015<\/h3>\n<div>\n<p style=\"text-align: justify;\">El Ecuador presenta ante la Convenci\u00f3n Marco de las Naciones Unidas su primer Nivel de Referencia de Emisiones Forestales por Deforestaci\u00f3n, con un alcance nacional.<\/p>\n<\/div>\n<\/li>\n<li>\n<h3>2016<\/h3>\n<div>\n<p style=\"text-align: justify;\">El Ecuador oficializa su Plan de Acci\u00f3n REDD+ \u201cBosques para el Buen Vivir\u201d 2016-2025, emitido mediante Acuerdo Ministerial No. 116, del 7 de noviembre de 2016, en el cual se establece como uno de los subcomponentes operativos al Sistema Nacional de Monitoreo de Bosques<\/p>\n<\/div>\n<\/li>\n<li>\n<h3>2018<\/h3>\n<div>\n<p style=\"text-align: justify;\">Se emiten el C\u00f3digo Org\u00e1nico del Ambiente y su Reglamento, en el cual se incorporan disposiciones relacionadas al funcionamiento del <strong>Sistema Nacional de Monitoreo de Bosques.<\/strong><\/p>\n<\/div>\n<\/li>\n<li>\n<h3>2019<\/h3>\n<div>\n<p style=\"text-align: justify;\">Se emite el <strong>Acuerdo Ministerial No. 052<\/strong>, en el cual se expidieron las Directrices Institucionales para el funcionamiento del <strong>Sistema Nacional de Monitoreo de Bosques del Ecuador.<\/strong><\/p>\n<\/div>\n<\/li>\n<\/ul>\n<p><!-- {\"name\":\"que es\",\"type\":\"layout\",\"children\":[{\"type\":\"section\",\"props\":{\"style\":\"default\",\"width\":\"default\",\"vertical_align\":\"middle\",\"title_position\":\"top-left\",\"title_rotation\":\"left\",\"title_breakpoint\":\"xl\",\"image_position\":\"center-center\",\"padding\":\"small\"},\"children\":[{\"type\":\"row\",\"children\":[{\"type\":\"column\",\"props\":{\"image_position\":\"center-center\",\"media_overlay_gradient\":\"\",\"width_medium\":\"1-1\"},\"children\":[{\"name\":\"\",\"type\":\"headline\",\"props\":{\"title_element\":\"h3\",\"content\":\"Antecedentes\",\"margin\":\"medium\",\"margin_remove_bottom\":false,\"title_style\":\"h4\",\"title_font_family\":\"primary\"}},{\"name\":\"\",\"type\":\"text\",\"props\":{\"column_breakpoint\":\"m\",\"margin\":\"medium\",\"content\":\"\n\n<p style=\\\"text-align: justify;\\\">Desde el a\\u00f1o 2008 Ecuador ha desarrollado varias iniciativas en pro de implementar y fortalecer un <strong>Sistema Nacional de Monitoreo de Bosques - SNMB<\\\/strong>, con la finalidad de mejorar los mecanismos de recolecci\\u00f3n de informaci\\u00f3n relacionada a su Patrimonio Forestal Nacional, lo que a su vez permitir\\u00e1, mejorar la gobernanza de los recursos forestales, as\\u00ed como tambi\\u00e9n, generar normativas t\\u00e9cnicas eficientes para la evaluaci\\u00f3n, manejo aprovechamiento y conservaci\\u00f3n del Patrimonio Forestal Nacional.<\\\/p>\",\"dropcap\":false}}]}]}]},{\"type\":\"section\",\"props\":{\"style\":\"default\",\"width\":\"large\",\"vertical_align\":\"middle\",\"title_position\":\"top-left\",\"title_rotation\":\"left\",\"title_breakpoint\":\"xl\",\"image_position\":\"center-center\",\"padding\":\"xsmall\",\"padding_remove_top\":true},\"children\":[{\"type\":\"row\",\"props\":{\"layout\":\"1-3,1-3,1-3\"},\"children\":[{\"type\":\"column\",\"props\":{\"image_position\":\"center-center\",\"media_overlay_gradient\":\"\",\"width_medium\":\"1-3\"},\"children\":[{\"type\":\"image\",\"props\":{\"margin\":\"default\",\"image_svg_color\":\"emphasis\",\"image\":\"wp-content\\\/uploads\\\/g3foto.png\"}}]},{\"type\":\"column\",\"props\":{\"image_position\":\"center-center\",\"media_overlay_gradient\":\"\",\"width_medium\":\"1-3\"},\"children\":[{\"type\":\"image\",\"props\":{\"margin\":\"default\",\"image_svg_color\":\"emphasis\",\"image\":\"wp-content\\\/uploads\\\/g2foto.png\"}}]},{\"type\":\"column\",\"props\":{\"image_position\":\"center-center\",\"media_overlay_gradient\":\"\",\"width_medium\":\"1-3\"},\"children\":[{\"type\":\"image\",\"props\":{\"margin\":\"default\",\"image_svg_color\":\"emphasis\",\"image\":\"wp-content\\\/uploads\\\/g1foto.png\"}}]}]}]},{\"name\":\"History\",\"type\":\"section\",\"props\":{\"style\":\"default\",\"width\":\"large\",\"vertical_align\":\"middle\",\"title_position\":\"top-left\",\"title_rotation\":\"left\",\"title_breakpoint\":\"xl\",\"image_position\":\"center-center\",\"padding_remove_bottom\":false,\"padding\":\"small\",\"padding_remove_top\":false},\"children\":[{\"name\":\"\",\"type\":\"row\",\"props\":{\"layout\":\"1-2,1-2\",\"margin\":\"xlarge\",\"column_gap\":\"large\",\"row_gap\":\"large\"},\"children\":[{\"name\":\"\",\"type\":\"column\",\"props\":{\"image_position\":\"center-center\",\"media_overlay_gradient\":\"\",\"width_medium\":\"1-2\"},\"children\":[{\"name\":\"\",\"type\":\"divider\",\"props\":{\"divider_element\":\"div\",\"divider_style\":\"small\",\"divider_align\":\"right\",\"divider_align_breakpoint\":\"m\",\"divider_align_fallback\":\"center\",\"maxwidth\":\"small\",\"maxwidth_breakpoint\":\"m\",\"animation\":\"none\",\"block_align\":\"right\"}},{\"name\":\"\",\"type\":\"headline\",\"props\":{\"title_element\":\"h4\",\"title_style\":\"h4\",\"text_align\":\"right\",\"text_align_breakpoint\":\"m\",\"text_align_fallback\":\"center\",\"maxwidth\":\"xlarge\",\"maxwidth_breakpoint\":\"m\",\"animation\":\"parallax\",\"content\":\"Los acontecimientos m\\u00e1s relevantes que se han presentado en relaci\\u00f3n a la implementaci\\u00f3n y fortalecimiento del SNMB en el pa\\u00eds, han sido los siguientes:\",\"parallax_breakpoint\":\"m\",\"margin_remove_top\":true,\"parallax_y_start\":\"20\",\"parallax_y_end\":\"0\",\"parallax_opacity_start\":\"0.3\",\"parallax_opacity_end\":\"1\",\"parallax_viewport\":\"0.3\",\"block_align\":\"right\",\"title_font_family\":\"primary\"}},{\"type\":\"image\",\"props\":{\"margin\":\"default\",\"image_svg_color\":\"emphasis\",\"image\":\"wp-content\\\/uploads\\\/arbol.png\"}}]},{\"name\":\"\",\"type\":\"column\",\"props\":{\"image_position\":\"center-center\",\"media_overlay_gradient\":\"\",\"width_medium\":\"1-2\"},\"children\":[{\"name\":\"\",\"type\":\"description_list\",\"props\":{\"show_title\":true,\"show_meta\":true,\"show_content\":true,\"show_link\":true,\"layout\":\"grid-2\",\"meta_style\":\"meta\",\"meta_align\":\"below-content\",\"title_style\":\"h3\",\"text_align\":\"left\",\"text_align_breakpoint\":\"m\",\"text_align_fallback\":\"left\",\"maxwidth\":\"xlarge\",\"animation\":\"none\",\"list_size\":\"\",\"title_colon\":false,\"parallax_breakpoint\":\"m\",\"parallax_x_start\":\"350\",\"parallax_x_end\":\"0\",\"parallax_easing\":\"0.5\",\"parallax_opacity_start\":\"0\",\"parallax_opacity_end\":\"1\",\"parallax_scale_start\":\"0.5\",\"block_align\":\"center\",\"title_grid_column_gap\":\"medium\",\"title_grid_row_gap\":\"medium\",\"title_grid_breakpoint\":\"\",\"title_grid_width\":\"auto\",\"title_element\":\"h3\",\"list_element\":\"ul\",\"column_breakpoint\":\"m\"},\"children\":[{\"name\":\"\",\"type\":\"description_list_item\",\"props\":{\"title\":\"2008\",\"content\":\"\n\n<p style=\\\"text-align: justify;\\\">Se estableci\\u00f3 en la carta constitucional la necesidad imperante de fortalecer la gobernanza forestal en el pa\\u00eds, al reconocer a la naturaleza como sujeto de derechos y declarar a los ecosistemas boscosos como ecosistemas fr\\u00e1giles que requieren de un tratamiento especial al igual que los p\\u00e1ramos, los humedales y los manglares.<\\\/p>\"}},{\"name\":\"\",\"type\":\"description_list_item\",\"props\":{\"title\":\"2009\",\"content\":\"\n\n<p style=\\\"text-align: justify;\\\">Ejecucio\\u0301n de los proyectos Mapa de Vegetacio\\u0301n del Ecuador Continental, Mapa de Deforestacio\\u0301n Histo\\u0301rica del Ecuador continental y Evaluacio\\u0301n Nacional Forestal del Ecuador. La informacio\\u0301n generada en estos proyectos constituyo\\u0301 la base para la implementacio\\u0301n de mecanismos permanentes de monitoreo del patrimonio natural que se ejecutan hasta la actualidad.<\\\/p>\"}},{\"name\":\"\",\"type\":\"description_list_item\",\"props\":{\"title\":\"2010\",\"content\":\"\n\n<p style=\\\"text-align: justify;\\\">En el marco de la <strong>Convencio\\u0301n Marco de las Naciones Unidas sobre el Cambio Clima\\u0301tico (CMNUCC)<\\\/strong>, se desarroll\\u00f3 la D\\u00e9cimo sexta Conferencia de la Partes (COP 16), en la cual se que un pa\\u00eds en desarrollo debe completar para implementar el mecanismo para la Reduccio\\u0301n de Emisiones por Deforestacio\\u0301n y Degradacio\\u0301n de los Bosques (REDD+) en su territorio y poder acceder a pagos basados en resultados; siendo estos los siguientes :<\\\/p>\\n\n\n<ol>\\n\n\n<li style=\\\"text-align: justify;\\\">Desarrollar una estrategia o plan de accio\\u0301n nacional.<\\\/li>\\n\n\n<li style=\\\"text-align: justify;\\\">Establecer un nivel nacional de referencia de emisiones forestales y\\\/o un nivel nacional de referencia forestal.<\\\/li>\\n\n\n<li style=\\\"text-align: justify;\\\"><strong>Crear un Sistema Nacional de Monitoreo de Bosques (SNMB) robusto y transparente.<\\\/strong><\\\/li>\\n\n\n<li style=\\\"text-align: justify;\\\">Crear un sistema de informacio\\u0301n sobre co\\u0301mo las salvaguardas son abordadas y respetadas.<\\\/li>\\n<\\\/ol>\"}},{\"name\":\"\",\"type\":\"description_list_item\",\"props\":{\"title\":\"2012\",\"content\":\"\n\n<p style=\\\"text-align: justify;\\\">Los pai\\u0301ses que forman parte de la C<strong>onvencio\\u0301n Marco de las Naciones Unidas sobre el Cambio Clima\\u0301tico<\\\/strong> alcanzaron un acuerdo histo\\u0301rico para combatir el cambio clima\\u0301tico, conocido como Acuerdo de Pari\\u0301s. En el marco del cual cobra especial importancia contar con sistemas de informaci\\u00f3n s\\u00f3lidos y robustos, que faciliten la generaci\\u00f3n de los reportes requeridos por el marco de transparencia de este acuerdo, entre ellos el <strong>Sistema Nacional de Monitoreo de Bosques<\\\/strong> que proporciona informaci\\u00f3n sobre las emisiones y absorciones relacionadas al uso de la tierra y silvicultura.<\\\/p>\"}},{\"name\":\"\",\"type\":\"description_list_item\",\"props\":{\"title\":\"2015\",\"content\":\"\n\n<p style=\\\"text-align: justify;\\\">El Ecuador presenta ante la Convenci\\u00f3n Marco de las Naciones Unidas su primer Nivel de Referencia de Emisiones Forestales por Deforestaci\\u00f3n, con un alcance nacional.<\\\/p>\"}},{\"name\":\"\",\"type\":\"description_list_item\",\"props\":{\"title\":\"2016\",\"content\":\"\n\n<p style=\\\"text-align: justify;\\\">El Ecuador oficializa su Plan de Acci\\u00f3n REDD+ \\u201cBosques para el Buen Vivir\\u201d 2016-2025, emitido mediante Acuerdo Ministerial No. 116, del 7 de noviembre de 2016, en el cual se establece como uno de los subcomponentes operativos al Sistema Nacional de Monitoreo de Bosques<\\\/p>\"}},{\"name\":\"\",\"type\":\"description_list_item\",\"props\":{\"title\":\"2018\",\"content\":\"\n\n<p style=\\\"text-align: justify;\\\">Se emiten el C\\u00f3digo Org\\u00e1nico del Ambiente y su Reglamento, en el cual se incorporan disposiciones relacionadas al funcionamiento del <strong>Sistema Nacional de Monitoreo de Bosques.<\\\/strong><\\\/p>\"}},{\"name\":\"\",\"type\":\"description_list_item\",\"props\":{\"title\":\"2019\",\"content\":\"\n\n<p style=\\\"text-align: justify;\\\">Se emite el <strong>Acuerdo Ministerial No. 052<\\\/strong>, en el cual se expidieron las Directrices Institucionales para el funcionamiento del <strong>Sistema Nacional de Monitoreo de Bosques del Ecuador.<\\\/strong><\\\/p>\"}}]}]}]}]}],\"version\":\"2.3.5\"} --><\/p>\n","protected":false},"excerpt":{"rendered":"<p>Antecedentes Desde el a\u00f1o 2008 Ecuador ha desarrollado varias iniciativas en pro de implementar y fortalecer un Sistema Nacional de Monitoreo de Bosques &#8211; SNMB, con la finalidad de mejorar los mecanismos de recolecci\u00f3n de informaci\u00f3n relacionada a su Patrimonio Forestal Nacional, lo que a su vez permitir\u00e1, mejorar la gobernanza de los recursos forestales, [&hellip;]<\/p>\n","protected":false},"author":1,"featured_media":0,"parent":372,"menu_order":0,"comment_status":"closed","ping_status":"closed","template":"","meta":{"om_disable_all_campaigns":false,"_monsterinsights_skip_tracking":false,"_monsterinsights_sitenote_active":false,"_monsterinsights_sitenote_note":"","_monsterinsights_sitenote_category":0,"footnotes":""},"class_list":["post-472","page","type-page","status-publish","hentry"],"_links":{"self":[{"href":"https:\/\/snmb.ambiente.gob.ec\/snmb\/index.php?rest_route=\/wp\/v2\/pages\/472","targetHints":{"allow":["GET"]}}],"collection":[{"href":"https:\/\/snmb.ambiente.gob.ec\/snmb\/index.php?rest_route=\/wp\/v2\/pages"}],"about":[{"href":"https:\/\/snmb.ambiente.gob.ec\/snmb\/index.php?rest_route=\/wp\/v2\/types\/page"}],"author":[{"embeddable":true,"href":"https:\/\/snmb.ambiente.gob.ec\/snmb\/index.php?rest_route=\/wp\/v2\/users\/1"}],"replies":[{"embeddable":true,"href":"https:\/\/snmb.ambiente.gob.ec\/snmb\/index.php?rest_route=%2Fwp%2Fv2%2Fcomments&post=472"}],"version-history":[{"count":13,"href":"https:\/\/snmb.ambiente.gob.ec\/snmb\/index.php?rest_route=\/wp\/v2\/pages\/472\/revisions"}],"predecessor-version":[{"id":706,"href":"https:\/\/snmb.ambiente.gob.ec\/snmb\/index.php?rest_route=\/wp\/v2\/pages\/472\/revisions\/706"}],"up":[{"embeddable":true,"href":"https:\/\/snmb.ambiente.gob.ec\/snmb\/index.php?rest_route=\/wp\/v2\/pages\/372"}],"wp:attachment":[{"href":"https:\/\/snmb.ambiente.gob.ec\/snmb\/index.php?rest_route=%2Fwp%2Fv2%2Fmedia&parent=472"}],"curies":[{"name":"wp","href":"https:\/\/api.w.org\/{rel}","templated":true}]}}