{"id":484,"date":"2020-10-18T03:50:14","date_gmt":"2020-10-18T03:50:14","guid":{"rendered":"http:\/\/www.geekecuador.com\/snmb\/?page_id=484"},"modified":"2021-04-13T14:19:03","modified_gmt":"2021-04-13T14:19:03","slug":"biofisico","status":"publish","type":"page","link":"https:\/\/snmb.ambiente.gob.ec\/snmb\/?page_id=484","title":{"rendered":"Biof\u00edsico"},"content":{"rendered":"<h4>Biof\u00edsico<\/h4>\n<div>\n<p style=\"text-align: left;\">Este componente se encarga de detectar el estado y patrones de cambio en el <strong>Patrimonio Forestal Nacional<\/strong> mediante una coleccio\u0301n continua de datos en campo como el inventario nacional forestal, con base a muestras que incluyen el levantamiento de informaci\u00f3n de flora y fauna; y en coordinacio\u0301n con el monitoreo de la biodiversidad. Para el cumplimiento del componente cuenta con procesos como:<\/p>\n<\/div>\n<p><img decoding=\"async\" src=\"\/snmb\/wp-content\/uploads\/enf-1.png\" alt=\"\"><\/p>\n<div>\n<h2>Inventario Nacional Forestal<\/h2>\n<div>\n<p>Los <strong>Inventarios Nacionales Forestales<\/strong> iniciaron su ejecuci\u00f3n en el pa\u00eds a partir del a\u00f1o 2011, con el objetivo de generar informaci\u00f3n peri\u00f3dica sobre las existencias, caracter\u00edsticas y el estado de los recursos forestales del pa\u00eds. Su importancia radica en que sus resultados permiten la toma de decisiones, desarrollo de pol\u00edticas p\u00fablicas, estrategias y otras acciones necesarias para la gesti\u00f3n sostenible de los bosques de manera multisectorial y en distintos niveles de gobierno. As\u00ed, como tambi\u00e9n, facilita el cumplimiento de los requerimientos de informaci\u00f3n relacionados con la gesti\u00f3n del <strong>Patrimonio Forestal Nacional<\/strong> asociado a indicadores e instrumentos nacionales e internacionales ratificados por el Estado. Actualmente, se esta\u0301 ejecutando el segundo ciclo del <strong>Inventario Nacional Forestal<\/strong>, como parte de la segunda <a href=\"http:\/\/enf.ambiente.gob.ec\/web_enf\" target=\"_blank\" rel=\"noopener\"><strong>Evaluacio\u0301n Nacional Forestal<\/strong><\/a>, el cual inicio\u0301 en el segundo semestre del an\u0303o 2018.<\/p>\n<\/div>\n<\/div>\n<ul>\n<li>\n<p>        <img decoding=\"async\" src=\"\/snmb\/wp-content\/uploads\/foto2.jpg\" alt=\"\"><\/p>\n<\/li>\n<li>\n<p>        <img decoding=\"async\" src=\"\/snmb\/wp-content\/uploads\/foto15.jpg\" alt=\"\"><\/p>\n<\/li>\n<li>\n<p>        <img decoding=\"async\" src=\"\/snmb\/wp-content\/uploads\/foto5.jpg\" alt=\"\"><\/p>\n<\/li>\n<\/ul>\n<div>\n<p style=\"text-align: center;\"><a href=\"http:\/\/enf.ambiente.gob.ec\/web_enf\" target=\"_blank\" rel=\"noopener\">Para mayor informaci\u00f3n puede ingresar al sitio web de la Evaluaci\u00f3n Nacional Forestal<\/a><\/p>\n<\/div>\n<hr>\n<p><img decoding=\"async\" src=\"\/snmb\/wp-content\/uploads\/arbol.png\" alt=\"\"><\/p>\n<div>\n<h2>Evaluaci\u00f3n de Especies Priorizadas y Diagn\u00f3sticas<\/h2>\n<div>\n<p>El objetivo de este proceso es detectar, medir y evaluar los cambios que ocurren en el tiempo y el espacio en especies que se categoricen como priorizadas y diagno\u0301sticas para el pai\u0301s por la Autoridad Ambiental Nacional. Hasta el momento, este proceso se ha ejecutado a trav\u00e9s de las siguientes iniciativas:<\/p>\n<ul>\n<li>Evaluacio\u0301n del estado de conservacio\u0301n de especies CITES, a trave\u0301s de los inventarios desarrollados para cedro y caoba.\u00a0<\/li>\n<li>Monitoreo del co\u0301ndor andino, como parte de la Estrategia Nacional de Co\u0301ndor Andino.\u00a0<\/li>\n<li>Construccio\u0301n de una metodologi\u0301a para el monitoreo de especies de flora en el pa\u0301ramo.\u00a0<\/li>\n<\/ul>\n<\/div>\n<\/div>\n<ul>\n<li>\n<p>        <img decoding=\"async\" src=\"\/snmb\/wp-content\/uploads\/g1foto.png\" alt=\"\"><\/p>\n<\/li>\n<li>\n<p>        <img decoding=\"async\" src=\"\/snmb\/wp-content\/uploads\/g3foto.png\" alt=\"\"><\/p>\n<\/li>\n<li>\n<p>        <img decoding=\"async\" src=\"\/snmb\/wp-content\/uploads\/g2foto.png\" alt=\"\"><\/p>\n<\/li>\n<\/ul>\n<p><!-- {\"name\":\"C. ESPACIAL\",\"type\":\"layout\",\"children\":[{\"type\":\"section\",\"props\":{\"style\":\"default\",\"width\":\"\",\"vertical_align\":\"middle\",\"title_position\":\"top-left\",\"title_rotation\":\"left\",\"title_breakpoint\":\"xl\",\"image_position\":\"center-center\",\"text_color\":\"light\",\"padding\":\"large\",\"image\":\"wp-content\\\/uploads\\\/banner_biofisico.png\",\"image_size\":\"cover\",\"padding_remove_top\":false,\"padding_remove_bottom\":false,\"overlap\":true,\"media_overlay\":\"rgba(0, 0, 0, 0.29)\",\"media_blend_mode\":\"multiply\"},\"children\":[{\"type\":\"row\",\"props\":{\"match\":false},\"children\":[{\"type\":\"column\",\"props\":{\"image_position\":\"center-center\",\"media_overlay_gradient\":\"\",\"vertical_align\":\"bottom\",\"padding\":\"xsmall\",\"width_medium\":\"1-1\",\"preserve_color\":false},\"children\":[{\"type\":\"headline\",\"props\":{\"title_element\":\"h4\",\"content\":\"Biof\\u00edsico\",\"title_style\":\"h4\",\"text_align\":\"center\",\"title_font_family\":\"primary\"}}]}]}],\"name\":\"FOTO\"},{\"type\":\"section\",\"props\":{\"style\":\"default\",\"width\":\"large\",\"vertical_align\":\"middle\",\"title_position\":\"top-left\",\"title_rotation\":\"left\",\"title_breakpoint\":\"xl\",\"image_position\":\"center-center\",\"padding\":\"xsmall\",\"padding_remove_top\":false},\"children\":[{\"type\":\"row\",\"props\":{\"margin\":\"large\"},\"children\":[{\"type\":\"column\",\"props\":{\"image_position\":\"center-center\",\"media_overlay_gradient\":\"\",\"width_medium\":\"1-1\"},\"children\":[{\"type\":\"text\",\"props\":{\"margin\":\"default\",\"column_breakpoint\":\"m\",\"content\":\"\n\n<p style=\\\"text-align: left;\\\">Este componente se encarga de detectar el estado y patrones de cambio en el <strong>Patrimonio Forestal Nacional<\\\/strong> mediante una coleccio\\u0301n continua de datos en campo como el inventario nacional forestal, con base a muestras que incluyen el levantamiento de informaci\\u00f3n de flora y fauna; y en coordinacio\\u0301n con el monitoreo de la biodiversidad. Para el cumplimiento del componente cuenta con procesos como:<\\\/p>\",\"text_align\":\"justify\"}}]}]}],\"name\":\"Normativa\"},{\"type\":\"section\",\"props\":{\"style\":\"default\",\"width\":\"xlarge\",\"vertical_align\":\"middle\",\"title_position\":\"top-left\",\"title_rotation\":\"left\",\"title_breakpoint\":\"xl\",\"image_position\":\"center-center\",\"padding\":\"xsmall\",\"animation\":\"slide-left-small\",\"padding_remove_bottom\":false},\"children\":[{\"type\":\"row\",\"props\":{\"layout\":\"1-3,2-3\",\"column_gap\":\"large\",\"match\":false},\"children\":[{\"type\":\"column\",\"props\":{\"image_position\":\"center-center\",\"media_overlay_gradient\":\"\",\"width_large\":\"1-3\",\"width_medium\":\"1-3\",\"vertical_align\":\"middle\"},\"children\":[{\"type\":\"image\",\"props\":{\"margin\":\"default\",\"image_svg_color\":\"emphasis\",\"visibility\":\"l\",\"source\":\"22\",\"image\":\"wp-content\\\/uploads\\\/enf-1.png\",\"link\":\"\",\"image_alt\":\"\",\"text_align\":\"center\"}}]},{\"type\":\"column\",\"props\":{\"image_position\":\"center-center\",\"media_overlay_gradient\":\"\",\"vertical_align\":\"middle\",\"width_large\":\"2-3\",\"width_medium\":\"2-3\"},\"children\":[{\"type\":\"panel\",\"props\":{\"link_text\":\"\",\"title_hover_style\":\"heading\",\"title_element\":\"h2\",\"title_align\":\"top\",\"title_grid_width\":\"1-2\",\"title_grid_breakpoint\":\"m\",\"meta_style\":\"meta\",\"meta_align\":\"below-title\",\"image_align\":\"top\",\"image_grid_width\":\"1-2\",\"image_grid_breakpoint\":\"m\",\"image_svg_color\":\"emphasis\",\"link_style\":\"text\",\"margin\":\"default\",\"link_margin\":\"medium\",\"animation\":\"fade\",\"visibility\":\"l\",\"source\":\"22\",\"title_link\":true,\"icon_width\":80,\"meta_element\":\"div\",\"content_column_breakpoint\":\"m\",\"title\":\"Inventario Nacional Forestal\",\"content\":\"\n\n<p>Los <strong>Inventarios Nacionales Forestales<\\\/strong> iniciaron su ejecuci\\u00f3n en el pa\\u00eds a partir del a\\u00f1o 2011, con el objetivo de generar informaci\\u00f3n peri\\u00f3dica sobre las existencias, caracter\\u00edsticas y el estado de los recursos forestales del pa\\u00eds. Su importancia radica en que sus resultados permiten la toma de decisiones, desarrollo de pol\\u00edticas p\\u00fablicas, estrategias y otras acciones necesarias para la gesti\\u00f3n sostenible de los bosques de manera multisectorial y en distintos niveles de gobierno. As\\u00ed, como tambi\\u00e9n, facilita el cumplimiento de los requerimientos de informaci\\u00f3n relacionados con la gesti\\u00f3n del <strong>Patrimonio Forestal Nacional<\\\/strong> asociado a indicadores e instrumentos nacionales e internacionales ratificados por el Estado. Actualmente, se esta\\u0301 ejecutando el segundo ciclo del <strong>Inventario Nacional Forestal<\\\/strong>, como parte de la segunda <a href=\\\"http:\\\/\\\/enf.ambiente.gob.ec\\\/web_enf\\\" target=\\\"_blank\\\" rel=\\\"noopener\\\"><strong>Evaluacio\\u0301n Nacional Forestal<\\\/strong><\\\/a>, el cual inicio\\u0301 en el segundo semestre del an\\u0303o 2018.<\\\/p>\",\"link\":\"\",\"title_decoration\":\"divider\",\"title_style\":\"h4\",\"text_align\":\"justify\",\"link_target\":true}},{\"type\":\"gallery\",\"props\":{\"show_title\":true,\"show_meta\":true,\"show_content\":true,\"show_link\":true,\"show_hover_image\":true,\"grid_default\":\"1\",\"grid_medium\":\"3\",\"filter_style\":\"tab\",\"filter_all\":true,\"filter_position\":\"top\",\"filter_align\":\"left\",\"filter_grid_width\":\"auto\",\"filter_grid_breakpoint\":\"m\",\"overlay_mode\":\"caption\",\"overlay_hover\":true,\"overlay_style\":\"overlay-primary\",\"text_color\":\"light\",\"overlay_position\":\"center\",\"overlay_transition\":\"fade\",\"title_hover_style\":\"reset\",\"title_element\":\"h3\",\"meta_style\":\"meta\",\"meta_align\":\"below-title\",\"meta_element\":\"div\",\"link_text\":\"Read more\",\"link_style\":\"default\",\"text_align\":\"center\",\"margin\":\"default\",\"item_animation\":\"\"},\"children\":[{\"type\":\"gallery_item\",\"props\":{\"image\":\"wp-content\\\/uploads\\\/foto2.jpg\"}},{\"type\":\"gallery_item\",\"props\":{\"image\":\"wp-content\\\/uploads\\\/foto15.jpg\"}},{\"type\":\"gallery_item\",\"props\":{\"image\":\"wp-content\\\/uploads\\\/foto5.jpg\"}}]},{\"type\":\"text\",\"props\":{\"margin\":\"default\",\"column_breakpoint\":\"m\",\"content\":\"\n\n<p style=\\\"text-align: center;\\\"><a href=\\\"http:\\\/\\\/enf.ambiente.gob.ec\\\/web_enf\\\" target=\\\"_blank\\\" rel=\\\"noopener\\\">Para mayor informaci\\u00f3n puede ingresar al sitio web de la Evaluaci\\u00f3n Nacional Forestal<\\\/a><\\\/p>\",\"text_color\":\"primary\",\"text_size\":\"large\"}}]}]}],\"name\":\"Inventario Nacional Forestal\"},{\"type\":\"section\",\"props\":{\"style\":\"default\",\"width\":\"default\",\"vertical_align\":\"middle\",\"title_position\":\"top-left\",\"title_rotation\":\"left\",\"title_breakpoint\":\"xl\",\"image_position\":\"center-center\",\"padding\":\"small\"},\"children\":[{\"type\":\"row\",\"children\":[{\"type\":\"column\",\"props\":{\"image_position\":\"center-center\",\"media_overlay_gradient\":\"\"},\"children\":[{\"type\":\"divider\",\"props\":{\"divider_element\":\"hr\",\"divider_style\":\"\",\"divider_align\":\"\",\"divider_align_breakpoint\":\"\",\"divider_align_fallback\":\"\",\"animation\":\"none\"}}]}]}]},{\"type\":\"section\",\"props\":{\"style\":\"default\",\"width\":\"xlarge\",\"vertical_align\":\"middle\",\"title_position\":\"top-left\",\"title_rotation\":\"left\",\"title_breakpoint\":\"xl\",\"image_position\":\"center-center\",\"padding\":\"large\",\"animation\":\"slide-left-small\",\"padding_remove_top\":true},\"children\":[{\"type\":\"row\",\"props\":{\"layout\":\"1-3,2-3\",\"column_gap\":\"large\",\"match\":false},\"children\":[{\"type\":\"column\",\"props\":{\"image_position\":\"center-center\",\"media_overlay_gradient\":\"\",\"width_small\":\"1-3\",\"width_medium\":\"1-3\",\"vertical_align\":\"middle\"},\"children\":[{\"type\":\"image\",\"props\":{\"margin\":\"default\",\"image_svg_color\":\"emphasis\",\"visibility\":\"l\",\"source\":\"22\",\"image\":\"wp-content\\\/uploads\\\/arbol.png\",\"link\":\"\",\"image_alt\":\"\",\"text_align\":\"center\"}}]},{\"type\":\"column\",\"props\":{\"image_position\":\"center-center\",\"media_overlay_gradient\":\"\",\"vertical_align\":\"middle\",\"width_small\":\"2-3\",\"width_medium\":\"2-3\"},\"children\":[{\"type\":\"panel\",\"props\":{\"link_text\":\"\",\"title_hover_style\":\"heading\",\"title_element\":\"h2\",\"title_align\":\"top\",\"title_grid_width\":\"1-2\",\"title_grid_breakpoint\":\"m\",\"meta_style\":\"meta\",\"meta_align\":\"below-title\",\"image_align\":\"top\",\"image_grid_width\":\"1-2\",\"image_grid_breakpoint\":\"m\",\"image_svg_color\":\"emphasis\",\"link_style\":\"text\",\"margin\":\"default\",\"link_margin\":\"medium\",\"animation\":\"fade\",\"visibility\":\"l\",\"source\":\"22\",\"title_link\":true,\"icon_width\":80,\"meta_element\":\"div\",\"content_column_breakpoint\":\"m\",\"title\":\"Evaluaci\\u00f3n de Especies Priorizadas y Diagn\\u00f3sticas\",\"content\":\"\n\n<p>El objetivo de este proceso es detectar, medir y evaluar los cambios que ocurren en el tiempo y el espacio en especies que se categoricen como priorizadas y diagno\\u0301sticas para el pai\\u0301s por la Autoridad Ambiental Nacional. Hasta el momento, este proceso se ha ejecutado a trav\\u00e9s de las siguientes iniciativas:<\\\/p>\\n\n\n<ul>\\n\n\n<li>Evaluacio\\u0301n del estado de conservacio\\u0301n de especies CITES, a trave\\u0301s de los inventarios desarrollados para cedro y caoba.\\u00a0<\\\/li>\\n\n\n<li>Monitoreo del co\\u0301ndor andino, como parte de la Estrategia Nacional de Co\\u0301ndor Andino.\\u00a0<\\\/li>\\n\n\n<li>Construccio\\u0301n de una metodologi\\u0301a para el monitoreo de especies de flora en el pa\\u0301ramo.\\u00a0<\\\/li>\\n<\\\/ul>\",\"link\":\"\",\"title_decoration\":\"divider\",\"title_style\":\"h4\",\"text_align\":\"justify\",\"link_target\":true}},{\"type\":\"gallery\",\"props\":{\"show_title\":true,\"show_meta\":true,\"show_content\":true,\"show_link\":true,\"show_hover_image\":true,\"grid_default\":\"1\",\"grid_medium\":\"3\",\"filter_style\":\"tab\",\"filter_all\":true,\"filter_position\":\"top\",\"filter_align\":\"left\",\"filter_grid_width\":\"auto\",\"filter_grid_breakpoint\":\"m\",\"overlay_mode\":\"caption\",\"overlay_hover\":true,\"overlay_style\":\"overlay-primary\",\"text_color\":\"light\",\"overlay_position\":\"center\",\"overlay_transition\":\"fade\",\"title_hover_style\":\"reset\",\"title_element\":\"h3\",\"meta_style\":\"meta\",\"meta_align\":\"below-title\",\"meta_element\":\"div\",\"link_text\":\"Read more\",\"link_style\":\"default\",\"text_align\":\"center\",\"margin\":\"default\",\"item_animation\":\"\"},\"children\":[{\"type\":\"gallery_item\",\"props\":{\"image\":\"wp-content\\\/uploads\\\/g1foto.png\"}},{\"type\":\"gallery_item\",\"props\":{\"image\":\"wp-content\\\/uploads\\\/g3foto.png\"}},{\"type\":\"gallery_item\",\"props\":{\"image\":\"wp-content\\\/uploads\\\/g2foto.png\"}}]}]}]}],\"name\":\"Corona\"}],\"version\":\"2.3.5\"} --><\/p>\n","protected":false},"excerpt":{"rendered":"<p>Biof\u00edsico Este componente se encarga de detectar el estado y patrones de cambio en el Patrimonio Forestal Nacional mediante una coleccio\u0301n continua de datos en campo como el inventario nacional forestal, con base a muestras que incluyen el levantamiento de informaci\u00f3n de flora y fauna; y en coordinacio\u0301n con el monitoreo de la biodiversidad. Para [&hellip;]<\/p>\n","protected":false},"author":1,"featured_media":0,"parent":376,"menu_order":0,"comment_status":"closed","ping_status":"closed","template":"","meta":{"om_disable_all_campaigns":false,"_monsterinsights_skip_tracking":false,"_monsterinsights_sitenote_active":false,"_monsterinsights_sitenote_note":"","_monsterinsights_sitenote_category":0,"footnotes":""},"class_list":["post-484","page","type-page","status-publish","hentry"],"_links":{"self":[{"href":"https:\/\/snmb.ambiente.gob.ec\/snmb\/index.php?rest_route=\/wp\/v2\/pages\/484","targetHints":{"allow":["GET"]}}],"collection":[{"href":"https:\/\/snmb.ambiente.gob.ec\/snmb\/index.php?rest_route=\/wp\/v2\/pages"}],"about":[{"href":"https:\/\/snmb.ambiente.gob.ec\/snmb\/index.php?rest_route=\/wp\/v2\/types\/page"}],"author":[{"embeddable":true,"href":"https:\/\/snmb.ambiente.gob.ec\/snmb\/index.php?rest_route=\/wp\/v2\/users\/1"}],"replies":[{"embeddable":true,"href":"https:\/\/snmb.ambiente.gob.ec\/snmb\/index.php?rest_route=%2Fwp%2Fv2%2Fcomments&post=484"}],"version-history":[{"count":36,"href":"https:\/\/snmb.ambiente.gob.ec\/snmb\/index.php?rest_route=\/wp\/v2\/pages\/484\/revisions"}],"predecessor-version":[{"id":1283,"href":"https:\/\/snmb.ambiente.gob.ec\/snmb\/index.php?rest_route=\/wp\/v2\/pages\/484\/revisions\/1283"}],"up":[{"embeddable":true,"href":"https:\/\/snmb.ambiente.gob.ec\/snmb\/index.php?rest_route=\/wp\/v2\/pages\/376"}],"wp:attachment":[{"href":"https:\/\/snmb.ambiente.gob.ec\/snmb\/index.php?rest_route=%2Fwp%2Fv2%2Fmedia&parent=484"}],"curies":[{"name":"wp","href":"https:\/\/api.w.org\/{rel}","templated":true}]}}