{"id":719,"date":"2020-11-03T05:23:31","date_gmt":"2020-11-03T05:23:31","guid":{"rendered":"http:\/\/www.geekecuador.com\/snmb\/?page_id=719"},"modified":"2021-03-19T22:13:35","modified_gmt":"2021-03-19T22:13:35","slug":"monitoreo-de-carbono","status":"publish","type":"page","link":"https:\/\/snmb.ambiente.gob.ec\/snmb\/?page_id=719","title":{"rendered":"Monitoreo de Carbono"},"content":{"rendered":"<h4>Monitoreo de la Distribuci\u00f3n de Contenidos de Carbono y Estructura Forestal<\/h4>\n<div>\n<p>La ejecuci\u00f3n de este proceso inici\u00f3 en el a\u00f1o 2009. Su objetivo es facilitar la identificaci\u00f3n de los tipos de bosque presentes en el territorio continental y su capacidad para actuar como sumideros de carbono.<\/p>\n<p>La ejecuci\u00f3n de este proceso se realiza como uno de los componentes de la <strong>Evaluaci\u00f3n Nacional Forestal.<\/strong><\/p>\n<\/div>\n<h5>Productos<\/h5>\n<p><img decoding=\"async\" src=\"\/snmb\/wp-content\/uploads\/mapa_estratos.jpg\" alt=\"\"><\/p>\n<h5><strong>Mapa de Estratos<\/strong><\/h5>\n<div>\n<p>Presenta informaci\u00f3n georreferenciada a escala 1: 100.000 de los estratos de bosque nativo del Ecuador continental, los cuales han sido identificados en base a un an\u00e1lisis previo de criterios bioclim\u00e1ticos como temperatura, precipitaci\u00f3n y altitud.<\/p>\n<p>Para la generaci\u00f3n de este mapa, se requieren como insumos otros productos del SNMB como el mapa de ecosistemas, el mapa de bosque no bosque del periodo y el Sistema de Clasificaci\u00f3n de Ecosistemas del Ecuador agrupando los ecosistemas boscosos en 9 estratos.<\/p>\n<\/div>\n<p>\n    <a href=\"http:\/\/ide.ambiente.gob.ec\/geoserver\/mae_ide\/ows?service=WFS&#038;version=1.0.0&#038;format_options=CHARSET:UTF-8&#038;request=GetFeature&#038;typeName=mae_ide:v_ge008_carbono_estrato_potencial_a&#038;outputFormat=SHAPE-ZIP\">Descarga Shape<\/a>\n<\/p>\n<hr>\n<p><img decoding=\"async\" src=\"\/snmb\/wp-content\/uploads\/mapa_carbono.jpg\" alt=\"\"><\/p>\n<h5><strong>MAPA DE CARBONO<\/strong><\/h5>\n<div>\n<p>Presenta informaci\u00f3n georeferenciada del contenido de carbono presente por hect\u00e1rea en cada uno de los estratos identificados en el mapa de estratos potenciales de bosque.<\/p>\n<p>Su generaci\u00f3n se realiza a escala 1: 100.000 y se basa en el uso de im\u00e1genes satelitales de mediana resoluci\u00f3n, las cuales luego de ser sometidas a un pre-procesamiento y procesamiento digital de im\u00e1genes con el fin de identificar bosque no bosque que es luego clasificado en los 9 tipos de estratos boscosos de la Evaluaci\u00f3n Nacional Forestal, a los cuales se les asigna el contenido de carbono por estrato.<\/p>\n<\/div>\n<p>\n    <a href=\"http:\/\/ide.ambiente.gob.ec\/geoserver\/mae_ide\/ows?service=WFS&#038;version=1.0.0&#038;format_options=CHARSET:UTF-8&#038;request=GetFeature&#038;typeName=mae_ide:v_ge007_carbono_estrato_bosque_a&#038;outputFormat=SHAPE-ZIP\">Descarga Shape<\/a>\n<\/p>\n<h5><a href=\"http:\/\/enf.ambiente.gob.ec\/web_enf\">Para mayor informaci\u00f3n puede ingresar al sitio web de la Evaluaci\u00f3n Nacional Forestal<\/a><\/h5>\n<hr>\n<div>\n<p>        <img decoding=\"async\" src=\"\/snmb\/wp-content\/uploads\/01iconos_geografico.png\" alt=\"\"><\/p>\n<h3>Monitoreo Satelital de la Deforestaci\u00f3n<\/h3>\n<p><a href=\"\/snmb\/index.php?page_id=713\"><\/a><\/p>\n<\/div>\n<div>\n<p>        <img decoding=\"async\" src=\"\/snmb\/wp-content\/uploads\/03iconos_geografico.png\" alt=\"\"><\/p>\n<h3>Monitoreo basado en alertas tempranas<\/h3>\n<p><a href=\"\/snmb\/index.php?page_id=717\"><\/a><\/p>\n<\/div>\n<div>\n<p>        <img decoding=\"async\" src=\"\/snmb\/wp-content\/uploads\/04iconos_geografico.png\" alt=\"\"><\/p>\n<h3>Monitoreo de la distribuci\u00f3n de contenidos de carbono y estructura forestal<\/h3>\n<p><a href=\"\/snmb\/index.php?page_id=719\"><\/a><\/p>\n<\/div>\n<hr>\n<div>\n<p>        <img decoding=\"async\" src=\"\/snmb\/wp-content\/uploads\/05iconos_geografico.png\" alt=\"\"><\/p>\n<h3>Monitoreo de las condiciones de los ecosistemas terrestres<\/h3>\n<p><a href=\"\/snmb\/index.php?page_id=721\"><\/a><\/p>\n<\/div>\n<p><!-- {\"children\":[{\"type\":\"section\",\"props\":{\"style\":\"default\",\"width\":\"\",\"vertical_align\":\"middle\",\"title_position\":\"top-left\",\"title_rotation\":\"left\",\"title_breakpoint\":\"xl\",\"image_position\":\"center-center\",\"text_color\":\"light\",\"padding\":\"large\",\"image\":\"wp-content\\\/uploads\\\/banner_biofisico.png\",\"image_size\":\"cover\",\"padding_remove_top\":false,\"padding_remove_bottom\":false,\"overlap\":true,\"media_overlay\":\"rgba(0, 0, 0, 0.29)\",\"media_blend_mode\":\"multiply\"},\"children\":[{\"type\":\"row\",\"props\":{\"match\":false},\"children\":[{\"type\":\"column\",\"props\":{\"image_position\":\"center-center\",\"media_overlay_gradient\":\"\",\"vertical_align\":\"bottom\",\"padding\":\"xsmall\",\"width_medium\":\"1-1\",\"preserve_color\":false},\"children\":[{\"type\":\"headline\",\"props\":{\"title_element\":\"h4\",\"content\":\"Monitoreo de la Distribuci\\u00f3n de Contenidos de Carbono y Estructura Forestal\",\"title_style\":\"h4\",\"text_align\":\"center\",\"title_font_family\":\"primary\"}}]}]}],\"name\":\"FOTO\"},{\"type\":\"section\",\"props\":{\"style\":\"default\",\"width\":\"large\",\"vertical_align\":\"middle\",\"title_position\":\"top-left\",\"title_rotation\":\"left\",\"title_breakpoint\":\"xl\",\"image_position\":\"center-center\",\"padding\":\"xsmall\",\"padding_remove_top\":false},\"children\":[{\"type\":\"row\",\"props\":{\"margin\":\"large\"},\"children\":[{\"type\":\"column\",\"props\":{\"image_position\":\"center-center\",\"media_overlay_gradient\":\"\",\"width_medium\":\"1-1\"},\"children\":[{\"type\":\"text\",\"props\":{\"margin\":\"default\",\"column_breakpoint\":\"m\",\"content\":\"\n\n<p>La ejecuci\\u00f3n de este proceso inici\\u00f3 en el a\\u00f1o 2009. Su objetivo es facilitar la identificaci\\u00f3n de los tipos de bosque presentes en el territorio continental y su capacidad para actuar como sumideros de carbono.<\\\/p>\\n\n\n<p>La ejecuci\\u00f3n de este proceso se realiza como uno de los componentes de la <strong>Evaluaci\\u00f3n Nacional Forestal.<\\\/strong><\\\/p>\",\"text_align\":\"justify\"}}]}]}],\"name\":\"Normativa\"},{\"type\":\"section\",\"props\":{\"style\":\"secondary\",\"width\":\"\",\"vertical_align\":\"middle\",\"title_position\":\"top-left\",\"title_rotation\":\"left\",\"title_breakpoint\":\"xl\",\"image_position\":\"center-center\",\"preserve_color\":false,\"overlap\":false,\"padding\":\"xsmall\"},\"children\":[{\"type\":\"row\",\"children\":[{\"type\":\"column\",\"props\":{\"image_position\":\"center-center\",\"media_overlay_gradient\":\"\"},\"children\":[{\"type\":\"headline\",\"props\":{\"title_element\":\"h5\",\"content\":\"Productos\",\"text_align\":\"center\",\"title_font_family\":\"primary\",\"title_decoration\":\"line\",\"title_style\":\"h4\"}}]}]}],\"modified\":\"2020-11-12T21:41:47.782Z\",\"name\":\"productos\"},{\"type\":\"section\",\"props\":{\"style\":\"default\",\"width\":\"large\",\"vertical_align\":\"middle\",\"title_position\":\"top-left\",\"title_rotation\":\"left\",\"title_breakpoint\":\"xl\",\"image_position\":\"center-center\",\"padding\":\"small\"},\"children\":[{\"type\":\"row\",\"props\":{\"layout\":\"1-3,2-3\"},\"children\":[{\"type\":\"column\",\"props\":{\"image_position\":\"center-center\",\"media_overlay_gradient\":\"\",\"width_medium\":\"1-3\"},\"children\":[{\"type\":\"image\",\"props\":{\"margin\":\"default\",\"image_svg_color\":\"emphasis\",\"image\":\"wp-content\\\/uploads\\\/mapa_estratos.jpg\",\"text_align\":\"center\"}}]},{\"type\":\"column\",\"props\":{\"image_position\":\"center-center\",\"media_overlay_gradient\":\"\",\"width_medium\":\"2-3\"},\"children\":[{\"type\":\"headline\",\"props\":{\"title_element\":\"h5\",\"content\":\"<strong>Mapa de Estratos<\\\/strong>\",\"title_style\":\"h5\",\"title_font_family\":\"primary\"}},{\"type\":\"text\",\"props\":{\"margin\":\"default\",\"column_breakpoint\":\"m\",\"content\":\"\n\n<p>Presenta informaci\\u00f3n georreferenciada a escala 1: 100.000 de los estratos de bosque nativo del Ecuador continental, los cuales han sido identificados en base a un an\\u00e1lisis previo de criterios bioclim\\u00e1ticos como temperatura, precipitaci\\u00f3n y altitud.<\\\/p>\\n\n\n<p>Para la generaci\\u00f3n de este mapa, se requieren como insumos otros productos del SNMB como el mapa de ecosistemas, el mapa de bosque no bosque del periodo y el Sistema de Clasificaci\\u00f3n de Ecosistemas del Ecuador agrupando los ecosistemas boscosos en 9 estratos.<\\\/p>\",\"text_align\":\"justify\"}},{\"type\":\"button\",\"props\":{\"grid_column_gap\":\"small\",\"grid_row_gap\":\"small\",\"margin\":\"default\",\"text_align\":\"center\"},\"children\":[{\"type\":\"button_item\",\"props\":{\"button_style\":\"primary\",\"icon_align\":\"left\",\"content\":\"Descarga Shape\",\"link\":\"http:\\\/\\\/ide.ambiente.gob.ec\\\/geoserver\\\/mae_ide\\\/ows?service=WFS&version=1.0.0&format_options=CHARSET:UTF-8&request=GetFeature&typeName=mae_ide:v_ge008_carbono_estrato_potencial_a&outputFormat=SHAPE-ZIP\",\"link_target\":\"blank\",\"icon\":\"cloud-download\"}}]}]}]}],\"modified\":\"2020-11-12T21:41:56.430Z\",\"name\":\"productos1\"},{\"type\":\"section\",\"props\":{\"style\":\"default\",\"width\":\"\",\"vertical_align\":\"middle\",\"title_position\":\"top-left\",\"title_rotation\":\"left\",\"title_breakpoint\":\"xl\",\"image_position\":\"center-center\",\"padding\":\"small\"},\"children\":[{\"type\":\"row\",\"children\":[{\"type\":\"column\",\"props\":{\"image_position\":\"center-center\",\"media_overlay_gradient\":\"\"},\"children\":[{\"type\":\"divider\",\"props\":{\"divider_element\":\"hr\"}}]}]}]},{\"type\":\"section\",\"props\":{\"style\":\"default\",\"width\":\"large\",\"vertical_align\":\"middle\",\"title_position\":\"top-left\",\"title_rotation\":\"left\",\"title_breakpoint\":\"xl\",\"image_position\":\"center-center\",\"padding\":\"small\"},\"children\":[{\"type\":\"row\",\"props\":{\"layout\":\"1-3,2-3\"},\"children\":[{\"type\":\"column\",\"props\":{\"image_position\":\"center-center\",\"media_overlay_gradient\":\"\",\"width_medium\":\"1-3\"},\"children\":[{\"type\":\"image\",\"props\":{\"margin\":\"default\",\"image_svg_color\":\"emphasis\",\"image\":\"wp-content\\\/uploads\\\/mapa_carbono.jpg\",\"text_align\":\"center\"}}]},{\"type\":\"column\",\"props\":{\"image_position\":\"center-center\",\"media_overlay_gradient\":\"\",\"width_medium\":\"2-3\"},\"children\":[{\"type\":\"headline\",\"props\":{\"title_element\":\"h5\",\"content\":\"<strong>MAPA DE CARBONO<\\\/strong>\",\"title_style\":\"h5\",\"title_font_family\":\"primary\"}},{\"type\":\"text\",\"props\":{\"margin\":\"default\",\"column_breakpoint\":\"m\",\"content\":\"\n\n<p>Presenta informaci\\u00f3n georeferenciada del contenido de carbono presente por hect\\u00e1rea en cada uno de los estratos identificados en el mapa de estratos potenciales de bosque.<\\\/p>\\n\n\n<p>Su generaci\\u00f3n se realiza a escala 1: 100.000 y se basa en el uso de im\\u00e1genes satelitales de mediana resoluci\\u00f3n, las cuales luego de ser sometidas a un pre-procesamiento y procesamiento digital de im\\u00e1genes con el fin de identificar bosque no bosque que es luego clasificado en los 9 tipos de estratos boscosos de la Evaluaci\\u00f3n Nacional Forestal, a los cuales se les asigna el contenido de carbono por estrato.<\\\/p>\",\"text_align\":\"justify\"}},{\"type\":\"button\",\"props\":{\"grid_column_gap\":\"small\",\"grid_row_gap\":\"small\",\"margin\":\"default\",\"text_align\":\"center\"},\"children\":[{\"type\":\"button_item\",\"props\":{\"button_style\":\"primary\",\"icon_align\":\"left\",\"content\":\"Descarga Shape\",\"link\":\"http:\\\/\\\/ide.ambiente.gob.ec\\\/geoserver\\\/mae_ide\\\/ows?service=WFS&version=1.0.0&format_options=CHARSET:UTF-8&request=GetFeature&typeName=mae_ide:v_ge007_carbono_estrato_bosque_a&outputFormat=SHAPE-ZIP\",\"link_target\":\"blank\",\"icon\":\"cloud-download\"}}]},{\"type\":\"headline\",\"props\":{\"title_element\":\"h5\",\"content\":\"Para mayor informaci\\u00f3n puede ingresar al sitio web de la Evaluaci\\u00f3n Nacional Forestal\",\"title_style\":\"h5\",\"title_font_family\":\"primary\",\"text_align\":\"center\",\"link\":\"http:\\\/\\\/enf.ambiente.gob.ec\\\/web_enf\",\"link_target\":true,\"title_color\":\"primary\"}}]}]}],\"modified\":\"2020-11-12T21:41:56.430Z\",\"name\":\"productos1\"},{\"type\":\"section\",\"props\":{\"style\":\"default\",\"width\":\"\",\"vertical_align\":\"middle\",\"title_position\":\"top-left\",\"title_rotation\":\"left\",\"title_breakpoint\":\"xl\",\"image_position\":\"center-center\",\"padding\":\"small\"},\"children\":[{\"type\":\"row\",\"children\":[{\"type\":\"column\",\"props\":{\"image_position\":\"center-center\",\"media_overlay_gradient\":\"\"},\"children\":[{\"type\":\"divider\",\"props\":{\"divider_element\":\"hr\"}}]}]}]},{\"type\":\"section\",\"props\":{\"style\":\"default\",\"width\":\"large\",\"vertical_align\":\"middle\",\"title_position\":\"top-left\",\"title_rotation\":\"left\",\"title_breakpoint\":\"xl\",\"image_position\":\"center-center\",\"padding\":\"small\"},\"children\":[{\"type\":\"row\",\"props\":{\"layout\":\"1-3,1-3,1-3\",\"divider\":true,\"column_gap\":\"large\"},\"children\":[{\"type\":\"column\",\"props\":{\"image_position\":\"center-center\",\"media_overlay_gradient\":\"\",\"width_medium\":\"1-3\"},\"children\":[{\"type\":\"panel\",\"props\":{\"link_text\":\"\",\"title_hover_style\":\"reset\",\"title_element\":\"h3\",\"title_align\":\"top\",\"title_grid_width\":\"1-2\",\"title_grid_breakpoint\":\"m\",\"meta_style\":\"meta\",\"meta_align\":\"below-title\",\"meta_element\":\"div\",\"content_column_breakpoint\":\"m\",\"icon_width\":80,\"image_align\":\"left\",\"image_grid_width\":\"1-3\",\"image_grid_breakpoint\":\"m\",\"image_svg_color\":\"emphasis\",\"link_style\":\"default\",\"margin\":\"default\",\"image\":\"wp-content\\\/uploads\\\/01iconos_geografico.png\",\"image_border\":\"circle\",\"title\":\"Monitoreo Satelital de la Deforestaci\\u00f3n\",\"title_style\":\"h5\",\"title_font_family\":\"primary\",\"title_color\":\"secondary\",\"link\":\"index.php?page_id=713\",\"link_target\":false,\"image_width\":\"250\",\"image_grid_column_gap\":\"medium\",\"image_grid_row_gap\":\"medium\",\"image_vertical_align\":true,\"panel_link\":true}}]},{\"type\":\"column\",\"props\":{\"image_position\":\"center-center\",\"media_overlay_gradient\":\"\",\"width_medium\":\"1-3\"},\"children\":[{\"type\":\"panel\",\"props\":{\"link_text\":\"\",\"title_hover_style\":\"reset\",\"title_element\":\"h3\",\"title_align\":\"top\",\"title_grid_width\":\"1-2\",\"title_grid_breakpoint\":\"m\",\"meta_style\":\"meta\",\"meta_align\":\"below-title\",\"meta_element\":\"div\",\"content_column_breakpoint\":\"m\",\"icon_width\":80,\"image_align\":\"left\",\"image_grid_width\":\"1-3\",\"image_grid_breakpoint\":\"m\",\"image_svg_color\":\"emphasis\",\"link_style\":\"default\",\"margin\":\"default\",\"image\":\"wp-content\\\/uploads\\\/03iconos_geografico.png\",\"image_border\":\"circle\",\"title\":\"Monitoreo basado en alertas tempranas\",\"title_style\":\"h5\",\"title_font_family\":\"primary\",\"title_color\":\"secondary\",\"link\":\"index.php?page_id=717\",\"link_target\":false,\"image_width\":\"200\",\"image_grid_column_gap\":\"medium\",\"image_grid_row_gap\":\"medium\",\"image_vertical_align\":true,\"panel_link\":true}}]},{\"type\":\"column\",\"props\":{\"image_position\":\"center-center\",\"media_overlay_gradient\":\"\",\"width_medium\":\"1-3\"},\"children\":[{\"type\":\"panel\",\"props\":{\"link_text\":\"\",\"title_hover_style\":\"reset\",\"title_element\":\"h3\",\"title_align\":\"top\",\"title_grid_width\":\"1-2\",\"title_grid_breakpoint\":\"m\",\"meta_style\":\"meta\",\"meta_align\":\"below-title\",\"meta_element\":\"div\",\"content_column_breakpoint\":\"m\",\"icon_width\":80,\"image_align\":\"left\",\"image_grid_width\":\"1-3\",\"image_grid_breakpoint\":\"m\",\"image_svg_color\":\"emphasis\",\"link_style\":\"default\",\"margin\":\"default\",\"image\":\"wp-content\\\/uploads\\\/04iconos_geografico.png\",\"image_border\":\"circle\",\"title\":\"Monitoreo de la distribuci\\u00f3n de contenidos de carbono y estructura forestal\",\"title_style\":\"h5\",\"title_font_family\":\"primary\",\"title_color\":\"secondary\",\"link\":\"index.php?page_id=719\",\"link_target\":false,\"image_width\":\"200\",\"image_grid_column_gap\":\"medium\",\"image_grid_row_gap\":\"medium\",\"image_vertical_align\":true,\"panel_link\":true}}]}]},{\"type\":\"row\",\"props\":{\"divider\":false,\"margin_remove_top\":false,\"margin_remove_bottom\":false},\"children\":[{\"type\":\"column\",\"props\":{\"image_position\":\"center-center\",\"media_overlay_gradient\":\"\"},\"children\":[{\"type\":\"divider\",\"props\":{\"divider_element\":\"hr\"}}]}]},{\"type\":\"row\",\"props\":{\"layout\":\"1-3,1-3,1-3\",\"column_gap\":\"large\",\"divider\":true},\"children\":[{\"type\":\"column\",\"props\":{\"image_position\":\"center-center\",\"media_overlay_gradient\":\"\",\"width_medium\":\"1-3\"},\"children\":[{\"type\":\"panel\",\"props\":{\"link_text\":\"\",\"title_hover_style\":\"reset\",\"title_element\":\"h3\",\"title_align\":\"top\",\"title_grid_width\":\"1-2\",\"title_grid_breakpoint\":\"m\",\"meta_style\":\"meta\",\"meta_align\":\"below-title\",\"meta_element\":\"div\",\"content_column_breakpoint\":\"m\",\"icon_width\":80,\"image_align\":\"left\",\"image_grid_width\":\"1-3\",\"image_grid_breakpoint\":\"m\",\"image_svg_color\":\"emphasis\",\"link_style\":\"default\",\"margin\":\"default\",\"image\":\"wp-content\\\/uploads\\\/05iconos_geografico.png\",\"image_border\":\"circle\",\"title\":\"Monitoreo de las condiciones de los ecosistemas terrestres\",\"title_style\":\"h5\",\"title_font_family\":\"primary\",\"title_color\":\"secondary\",\"link\":\"index.php?page_id=721\",\"link_target\":false,\"image_width\":\"200\",\"image_grid_column_gap\":\"medium\",\"image_grid_row_gap\":\"medium\",\"image_vertical_align\":true,\"panel_link\":true}}]},{\"type\":\"column\",\"props\":{\"image_position\":\"center-center\",\"media_overlay_gradient\":\"\",\"width_medium\":\"1-3\"},\"children\":[]},{\"type\":\"column\",\"props\":{\"image_position\":\"center-center\",\"media_overlay_gradient\":\"\",\"width_medium\":\"1-3\"},\"children\":[]}]}],\"modified\":\"2020-12-01T14:45:21.614Z\",\"name\":\"Geografico espacial\"}],\"version\":\"2.3.5\",\"type\":\"layout\"} --><\/p>\n","protected":false},"excerpt":{"rendered":"<p>Monitoreo de la Distribuci\u00f3n de Contenidos de Carbono y Estructura Forestal La ejecuci\u00f3n de este proceso inici\u00f3 en el a\u00f1o 2009. Su objetivo es facilitar la identificaci\u00f3n de los tipos de bosque presentes en el territorio continental y su capacidad para actuar como sumideros de carbono. La ejecuci\u00f3n de este proceso se realiza como uno [&hellip;]<\/p>\n","protected":false},"author":1,"featured_media":0,"parent":482,"menu_order":0,"comment_status":"closed","ping_status":"closed","template":"","meta":{"om_disable_all_campaigns":false,"_monsterinsights_skip_tracking":false,"_monsterinsights_sitenote_active":false,"_monsterinsights_sitenote_note":"","_monsterinsights_sitenote_category":0,"footnotes":""},"class_list":["post-719","page","type-page","status-publish","hentry"],"_links":{"self":[{"href":"https:\/\/snmb.ambiente.gob.ec\/snmb\/index.php?rest_route=\/wp\/v2\/pages\/719","targetHints":{"allow":["GET"]}}],"collection":[{"href":"https:\/\/snmb.ambiente.gob.ec\/snmb\/index.php?rest_route=\/wp\/v2\/pages"}],"about":[{"href":"https:\/\/snmb.ambiente.gob.ec\/snmb\/index.php?rest_route=\/wp\/v2\/types\/page"}],"author":[{"embeddable":true,"href":"https:\/\/snmb.ambiente.gob.ec\/snmb\/index.php?rest_route=\/wp\/v2\/users\/1"}],"replies":[{"embeddable":true,"href":"https:\/\/snmb.ambiente.gob.ec\/snmb\/index.php?rest_route=%2Fwp%2Fv2%2Fcomments&post=719"}],"version-history":[{"count":18,"href":"https:\/\/snmb.ambiente.gob.ec\/snmb\/index.php?rest_route=\/wp\/v2\/pages\/719\/revisions"}],"predecessor-version":[{"id":1269,"href":"https:\/\/snmb.ambiente.gob.ec\/snmb\/index.php?rest_route=\/wp\/v2\/pages\/719\/revisions\/1269"}],"up":[{"embeddable":true,"href":"https:\/\/snmb.ambiente.gob.ec\/snmb\/index.php?rest_route=\/wp\/v2\/pages\/482"}],"wp:attachment":[{"href":"https:\/\/snmb.ambiente.gob.ec\/snmb\/index.php?rest_route=%2Fwp%2Fv2%2Fmedia&parent=719"}],"curies":[{"name":"wp","href":"https:\/\/api.w.org\/{rel}","templated":true}]}}